inder when 24 is divided by r?
6
Let x be (-84)/8*60/(-9). Suppose 5*j = -x + 225. What is the remainder when j is divided by 8?
7
Suppose 0 = 3*d - 15. Let b(t) = 13*t - 7. Let s(a) = 7*a - 3. Let n(m) = 4*b(m) - 7*s(m). What is the remainder when 23 is divided by n(d)?
7
Let i(f) = 3*f - 9. Let g be i(6). Let d = 31 - g. Calculate the remainder when d is divided by 8.
6
Suppose -16*n + 15 = -11*n. Suppose 4*v = -0*v + 24. What is the remainder when 16 + (1 - 3) + n is divided by v?
5
Let k be (4/(-8))/(1/(-6)). Suppose 0 = 3*f - 3*t + 2*t - 26, 0 = -3*t - 15. Calculate the remainder when 17 is divided by f - ((-3)/(-1))/k.
5
Let q(x) = 8*x**2 + 9*x + 22. Calculate the remainder when q(-5) is divided by 18.
15
Suppose f + 54 = -5*i + 4*f, -4*f = -i - 4. Let t = -15 + 27. Calculate the remainder when 212/6 + 4/i is divided by t.
11
Suppose -2*f + 5 + 14 = -a, 20 = f + 3*a. What is the remainder when 21 is divided by f?
10
Suppose -4*i + 4*j + 24 = 0, j = -i + 6*i - 30. Calculate the remainder when i is divided by 4.
2
Suppose 8 = -l + h, l = 4*h - 2 - 9. Let q = 10 + l. Calculate the remainder when 8 is divided by q.
2
Suppose -n - 8*r + 51 = -9*r, 2*r + 46 = n. Calculate the remainder when n is divided by 20.
16
Let n = 6 - -5. Let h = 6 + -3. Let y = h - -1. Calculate the remainder when n is divided by y.
3
Suppose l + 56 = 8*l. What is the remainder when l is divided by 5?
3
Suppose 14 = 5*i + 4. Let w = 9 - 4. What is the remainder when w is divided by i?
1
Let j(u) = 2*u**2 + 3*u + 2. Suppose 20 = 4*c - 0*w - 2*w, -3*c + 2*w = -15. Suppose 10*q = c*q + 60. Calculate the remainder when j(-4) is divided by q.
10
Suppose -v = -4*v + 3. Let k(z) = 18*z**3 - 2*z + 1. Let c be k(v). Let d = c - 7. What is the remainder when 18 is divided by d?
8
Suppose -37 = -4*p + 99. Suppose f - 16 = 4*g + p, -g - 100 = -2*f. Suppose -3*x = -f - 64. What is the remainder when x is divided by 13?
12
Let b = -73 - -219. Suppose u - b = 181. Suppose -199 = -3*x - 2*i, u = 4*x + x + i. Calculate the remainder when x is divided by 22.
21
Suppose 4*z - 50 - 86 = 0. Calculate the remainder when z is divided by 11.
1
Suppose 0 = 3*a - 249 - 138. Suppose 2*i - 5*i = -a. What is the remainder when i is divided by 11?
10
Let f be 5/((-2)/4 - -1). Let v = -6 + f. Calculate the remainder when 11 is divided by v.
3
Let h = -9 - -3. Calculate the remainder when (-124)/h + 2/(-3) is divided by 7/(-4)*(-3 + -1).
6
Let c(r) = 5*r**2 - 6*r + 4. What is the remainder when c(4) is divided by 16?
12
Calculate the remainder when 6 is divided by 3/2 + 2/4.
0
Let y(o) = o**3 + 6*o**2 - 6*o - 15. Suppose 2*q + 3 = -4*h - 5, -4*h - 26 = 5*q. Calculate the remainder when 0 + (-41 - -1)/(-1) is divided by y(q).
19
Let f = 5 - 3. Suppose i - 4*h - f = 0, 0*i + 4*h - 10 = -5*i. Suppose -j + i*t = -17, 4*t + 9 = -3*j + 60. What is the remainder when 49 is divided by j?
15
What is the remainder when 35 is divided by (-6)/(-7)*-2*-7?
11
Suppose -2*y - 3 - 3 = 0. Calculate the remainder when 15 is divided by (-22)/(-6) + y/(-9).
3
Suppose -v + 70 = v. Calculate the remainder when v is divided by 13.
9
Let b be ((-5)/(-3))/((-1)/3). Let d = b - -21. Calculate the remainder when 47 is divided by d.
15
Let j(w) = w**2 - 7*w - 4. What is the remainder when 13 is divided by j(8)?
1
Suppose 0 = 2*j - 4*j + 42. Let h be (-1)/(2 - 89/44). Suppose s + h = 5*s. Calculate the remainder when j is divided by s.
10
Let o be -1*-1*(2 + 40). Suppose -4*l = -6*l + o. What is the remainder when l is divided by 12?
9
Let h be -17 - 0 - (4 - 4). Let g = 29 + h. Calculate the remainder when 22 is divided by g.
10
Suppose 2*p = -5*q - 28, -p + 4*p - 4*q - 4 = 0. What is the remainder when ((-8)/6)/(p/102) is divided by 12?
10
Suppose -2*y - 2 + 14 = 0. Calculate the remainder when 9 is divided by y.
3
Let d = 14 + -6. Let g(r) = -r**2 + 15*r + 15. Calculate the remainder when g(15) is divided by d.
7
Suppose -2*q - 6 = -2. Suppose -c + 2 = -4*f + 5, -2*c = -f - 1. What is the remainder when (-1)/c + (q - -41) is divided by 13?
12
Let m(f) = 3*f - 33. What is the remainder when 13 is divided by m(13)?
1
Let a(c) = c**2 - 3*c - 8. Let y = -8 + 14. Let u be a(y). Suppose u*r - 5*r = 130. Calculate the remainder when r is divided by 9.
8
Suppose -77 = -4*s - 21. Calculate the remainder when 27 is divided by s.
13
Let j = -35 - -53. Suppose -j = -5*o + 22. Calculate the remainder when 14 is divided by o.
6
Let p = 86 + -60. What is the remainder when p is divided by 7?
5
Let h(j) be the second derivative of -j**5/20 - 5*j**4/12 - j**3/2 - 7*j**2/2 - 2*j. Let x = 62 + -39. Calculate the remainder when x is divided by h(-5).
7
Suppose 0 = -w - 12 + 30. Calculate the remainder when w is divided by 7.
4
Let y(v) = 16*v**2 + v. Let k(h) = -8*h + 1. Suppose 35 = -5*x + 5*r, 2*r = -5*x - r - 27. Calculate the remainder when k(x) is divided by y(1).
15
Suppose -2*h + 7 = -5*a + 78, -5*a - 3*h + 81 = 0. Calculate the remainder when a is divided by 3.
0
Let f = 0 + 4. Suppose -f*q + q = -57. Let p = q + 4. What is the remainder when p is divided by 8?
7
Let c = -64 - -106. Calculate the remainder when c is divided by 9.
6
Suppose 5*b - 4*l - 183 = 0, 144 = 3*b + b - 2*l. Calculate the remainder when 172 is divided by b.
32
Let m = 29 - 24. Calculate the remainder when 5 is divided by m.
0
Let s(p) = -5 + 0 - 1 + 1 - 2*p. What is the remainder when 3 is divided by s(-4)?
0
Let c(x) = 5*x**3 - 4*x**2 - 3*x - 1. Let t be c(-2). Let f = -16 - t. What is the remainder when f is divided by 18?
17
Let p be ((-6)/(-4))/((-7)/(-14)). Suppose -3 = -3*v + p. Let c = 0 + 2. What is the remainder when v is divided by c?
0
Let p(z) = 4*z - 9. What is the remainder when 6 is divided by p(3)?
0
Let l(s) = -s**2 - 2*s + 4. Let i be l(-3). Let d be -15 + -2*i/2. Calculate the remainder when (d/10)/((-2)/35) is divided by 15.
13
Suppose -6*n + 192 = -2*n. What is the remainder when n is divided by 25?
23
Let q(i) = 5*i - 2. Let j(x) = -x**3 + 9*x**2 - 6*x - 10. Let g be j(8). Let y(h) = -h + 15. Calculate the remainder when q(g) is divided by y(0).
13
What is the remainder when 152 is divided by (-2)/6*7/(35/(-330))?
20
Suppose -w - 5*g - 11 = -59, -g + 312 = 5*w. Calculate the remainder when w is divided by 13.
11
Let q = -2 - -46. Suppose 0 = -2*f - 4*c + q, -6 = 2*f + 5*c - 45. What is the remainder when f is divided by 11?
10
Suppose 2*p = d + 6, 3*d - 2*d - 15 = -5*p. Suppose -2*y = 5*o - 30, o + 96 = 5*y + p*o. What is the remainder when (-4)/(-14) - 808/(-14) is divided by y?
18
Let s be (1 + -1)*(4 - 5). Suppose s = n - 18. What is the remainder when n is divided by 5?
3
Let k(f) = 69*f**3 + f**2 - f. Calculate the remainder when k(1) is divided by 24.
21
Let y = -24 + 52. What is the remainder when y is divided by 15?
13
Suppose 3*n - 3 = 6. Calculate the remainder when 9 is divided by n.
0
Let p = 1 + 23. Suppose 3*s - s - p = 0. Calculate the remainder when 22 is divided by s.
10
Let r(f) = 23*f + 12. Let i be r(-9). Calculate the remainder when 16 is divided by (-2)/7 - i/21.
7
Let h = -32 - -62. Let f = -2 + 18. Calculate the remainder when h is divided by f.
14
Let u = 214 + -147. Suppose -t + 19 = 2*r - 5*r, -5*t = -r - u. What is the remainder when t is divided by 7?
6
Suppose -1 = -3*p + 23. Let q = -1 - -1. Suppose q = -0*r - r + 23. What is the remainder when r is divided by p?
7
Let u(l) = -2*l**3 + l. Let v be u(1). Calculate the remainder when 2 + -2 - (-26 + -3) is divided by -3*(v + 15/(-9)).
5
Let x = -2 - -4. Let a(b) = b + b + 11 + b**x - 3*b. What is the remainder when 32 is divided by a(0)?
10
Let s(b) = b + 1. Let u be s(14). Suppose 3*r - 122 = -3*x + 4*x, -u = 3*x. What is the remainder when r is divided by 20?
19
Let w = -13 + 27. Suppose 5*f = 4*a - 37 - 112, 0 = -5*a - 4*f + 217. Calculate the remainder when a is divided by w.
13
Let f be ((-42)/(-35))/(6/20). Let y = 4 - f. Suppose -14 = -5*v - u + 11, y = -4*v - 3*u + 9. What is the remainder when 10 is divided by v?
4
Let f = 55 - 40. Calculate the remainder when 74 is divided by f.
14
Let r = 4 - 2. Suppose 0*k = k + r*w + 22, 92 = -4*k - 4*w. Calculate the remainder when 14 is divided by (-3)/(0 + 9/k).
6
Let u = -105 - -115. What is the remainder when 